{"id":2331,"date":"2023-10-15T06:47:47","date_gmt":"2023-10-15T06:47:47","guid":{"rendered":"https:\/\/sinhviet.vn\/?post_type=product&#038;p=2331"},"modified":"2023-10-15T07:28:52","modified_gmt":"2023-10-15T07:28:52","slug":"lead006-phat-trien-nang-luc-lanh-dao-va-quan-ly","status":"publish","type":"product","link":"https:\/\/sinhviet.vn\/index.php\/product\/lead006-phat-trien-nang-luc-lanh-dao-va-quan-ly\/","title":{"rendered":"LEAD006"},"content":{"rendered":"<p style=\"text-align: center;\">Ph\u00e1t tri\u1ec3n n\u0103ng l\u1ef1c l\u00e3nh \u0111\u1ea1o v\u00e0 qu\u1ea3n l\u00fd<br \/>\n<em>Effective Leadership and Management<\/em><\/p>\n<p>&nbsp;<\/p>\n","protected":false},"excerpt":{"rendered":"<p><strong><em>Ph\u00e1t tri\u1ec3n n\u0103ng l\u1ef1c l\u00e3nh \u0111\u1ea1o v\u00e0 qu\u1ea3n l\u00fd<\/em><\/strong><br \/>\n<strong><em>(Effective Leadership and Management)<\/em><\/strong><\/p>\n<ul>\n<li>Hi\u1ec3u v\u00e0 x\u00e2y d\u1ef1ng \u0111\u01b0\u1ee3c phong c\u00e1ch l\u00e3nh \u0111\u1ea1o b\u1ea3n th\u00e2n, s\u1eed d\u1ee5ng \u0111\u01b0\u1ee3c c\u00e1c c\u00f4ng c\u1ee5 v\u00e0 ph\u01b0\u01a1ng ph\u00e1p l\u00e3nh \u0111\u1ea1o;<\/li>\n<li>Ph\u00e1t tri\u1ec3n kh\u1ea3 n\u0103ng giao ti\u1ebfp, k\u1ebft n\u1ed1i v\u00e0 ph\u1ed1i h\u1ee3p v\u1edbi \u0111\u1ed3ng nghi\u1ec7p, nh\u00e2n vi\u00ean c\u1ea5p d\u01b0\u1edbi;<\/li>\n<li>Ph\u00e1t tri\u1ec3n kh\u1ea3 n\u0103ng t\u1ea1o \u1ea3nh h\u01b0\u1edfng v\u00e0 truy\u1ec1n c\u1ea3m h\u1ee9ng \u0111\u1ebfn ng\u01b0\u1eddi kh\u00e1c;<\/li>\n<li>\u0110\u1ea1o \u0111\u1ee9c kinh doanh v\u00e0 tr\u00e1ch nhi\u1ec7m x\u00e3 h\u1ed9i c\u1ee7a nh\u00e0 l\u00e3nh \u0111\u1ea1o;<\/li>\n<li>\u1ee8ng d\u1ee5ng c\u00f4ng ngh\u1ec7 trong chuy\u00ean ng\u00e0nh.<\/li>\n<\/ul>\n","protected":false},"featured_media":0,"comment_status":"open","ping_status":"closed","template":"","meta":{"_uag_custom_page_level_css":"","site-sidebar-layout":"default","site-content-layout":"","ast-site-content-layout":"default","site-content-style":"default","site-sidebar-style":"default","ast-global-header-display":"","ast-banner-title-visibility":"","ast-main-header-display":"","ast-hfb-above-header-display":"","ast-hfb-below-header-display":"","ast-hfb-mobile-header-display":"","site-post-title":"","ast-breadcrumbs-content":"","ast-featured-img":"","footer-sml-layout":"","theme-transparent-header-meta":"default","adv-header-id-meta":"","stick-header-meta":"","header-above-stick-meta":"","header-main-stick-meta":"","header-below-stick-meta":"","astra-migrate-meta-layouts":"set"},"product_cat":[54],"product_tag":[],"class_list":["post-2331","product","type-product","status-publish","hentry","product_cat-mini-mba-common-courses","desktop-align-left","tablet-align-left","mobile-align-left"],"jetpack_sharing_enabled":true,"uagb_featured_image_src":{"full":false,"thumbnail":false,"medium":false,"medium_large":false,"large":false,"1536x1536":false,"2048x2048":false,"mailpoet_newsletter_max":false,"woocommerce_thumbnail":false,"woocommerce_single":false,"woocommerce_gallery_thumbnail":false},"uagb_author_info":{"display_name":"Nghia Le","author_link":"https:\/\/sinhviet.vn\/index.php\/author\/"},"uagb_comment_info":0,"uagb_excerpt":"Ph\u00e1t tri\u1ec3n n\u0103ng l\u1ef1c l\u00e3nh \u0111\u1ea1o v\u00e0 qu\u1ea3n l\u00fd (Effective Leadership and Management) Hi\u1ec3u v\u00e0 x\u00e2y d\u1ef1ng \u0111\u01b0\u1ee3c phong c\u00e1ch l\u00e3nh \u0111\u1ea1o b\u1ea3n th\u00e2n, s\u1eed d\u1ee5ng \u0111\u01b0\u1ee3c c\u00e1c c\u00f4ng c\u1ee5 v\u00e0 ph\u01b0\u01a1ng ph\u00e1p l\u00e3nh \u0111\u1ea1o; Ph\u00e1t tri\u1ec3n kh\u1ea3 n\u0103ng giao ti\u1ebfp, k\u1ebft n\u1ed1i v\u00e0 ph\u1ed1i h\u1ee3p v\u1edbi \u0111\u1ed3ng nghi\u1ec7p, nh\u00e2n vi\u00ean c\u1ea5p d\u01b0\u1edbi; Ph\u00e1t tri\u1ec3n&hellip;","jetpack-related-posts":[],"_links":{"self":[{"href":"https:\/\/sinhviet.vn\/index.php\/wp-json\/wp\/v2\/product\/2331","targetHints":{"allow":["GET"]}}],"collection":[{"href":"https:\/\/sinhviet.vn\/index.php\/wp-json\/wp\/v2\/product"}],"about":[{"href":"https:\/\/sinhviet.vn\/index.php\/wp-json\/wp\/v2\/types\/product"}],"replies":[{"embeddable":true,"href":"https:\/\/sinhviet.vn\/index.php\/wp-json\/wp\/v2\/comments?post=2331"}],"wp:attachment":[{"href":"https:\/\/sinhviet.vn\/index.php\/wp-json\/wp\/v2\/media?parent=2331"}],"wp:term":[{"taxonomy":"product_cat","embeddable":true,"href":"https:\/\/sinhviet.vn\/index.php\/wp-json\/wp\/v2\/product_cat?post=2331"},{"taxonomy":"product_tag","embeddable":true,"href":"https:\/\/sinhviet.vn\/index.php\/wp-json\/wp\/v2\/product_tag?post=2331"}],"curies":[{"name":"wp","href":"https:\/\/api.w.org\/{rel}","templated":true}]}}