{"id":2034,"date":"2023-10-04T10:46:51","date_gmt":"2023-10-04T10:46:51","guid":{"rendered":"https:\/\/sinhviet.vn\/?page_id=2034"},"modified":"2023-10-24T09:57:57","modified_gmt":"2023-10-24T09:57:57","slug":"lien-he","status":"publish","type":"page","link":"https:\/\/sinhviet.vn\/index.php\/lien-he\/","title":{"rendered":"Li\u00ean h\u1ec7"},"content":{"rendered":"\n<div class=\"wp-block-uagb-container uagb-block-198e5518 alignfull uagb-is-root-container\"><div class=\"uagb-container-inner-blocks-wrap\">\n<div class=\"wp-block-uagb-container uagb-block-b2c1ee2d\">\n<div class=\"wp-block-uagb-advanced-heading uagb-block-030a9985\"><h3 class=\"uagb-heading-text\">Th\u00f4ng tin li\u00ean l\u1ea1c<\/h3><\/div>\n\n\n\n<div class=\"wp-block-uagb-container uagb-block-649a83c8\">\n<div class=\"wp-block-uagb-info-box uagb-block-cb739fab uagb-infobox__content-wrap  uagb-infobox-icon-left uagb-infobox-left uagb-infobox-image-valign-top\"><div class=\"uagb-ifb-icon-wrap\"><svg xmlns=\"https:\/\/www.w3.org\/2000\/svg\" viewBox=\"0 0 576 512\"><path d=\"M408 120C408 174.6 334.9 271.9 302.8 311.1C295.1 321.6 280.9 321.6 273.2 311.1C241.1 271.9 168 174.6 168 120C168 53.73 221.7 0 288 0C354.3 0 408 53.73 408 120zM288 152C310.1 152 328 134.1 328 112C328 89.91 310.1 72 288 72C265.9 72 248 89.91 248 112C248 134.1 265.9 152 288 152zM425.6 179.8C426.1 178.6 426.6 177.4 427.1 176.1L543.1 129.7C558.9 123.4 576 135 576 152V422.8C576 432.6 570 441.4 560.9 445.1L416 503V200.4C419.5 193.5 422.7 186.7 425.6 179.8zM150.4 179.8C153.3 186.7 156.5 193.5 160 200.4V451.8L32.91 502.7C17.15 508.1 0 497.4 0 480.4V209.6C0 199.8 5.975 190.1 15.09 187.3L137.6 138.3C140 152.5 144.9 166.6 150.4 179.8H150.4zM327.8 331.1C341.7 314.6 363.5 286.3 384 255V504.3L192 449.4V255C212.5 286.3 234.3 314.6 248.2 331.1C268.7 357.6 307.3 357.6 327.8 331.1L327.8 331.1z\"><\/path><\/svg><\/div><div class=\"uagb-ifb-content\"><div class=\"uagb-ifb-title-wrap\"><h4 class=\"uagb-ifb-title\">C\u01a1 s\u1edf:<\/h4><\/div><p class=\"uagb-ifb-desc\"><strong>C\u01a1 s\u1edf 1<\/strong>: S\u1ed1 26, ng\u00f5 97, Ph\u1ed1 Quan Hoa, P. Quan Hoa, Q. C\u1ea7u Gi\u1ea5y, H\u00e0 N\u1ed9i<br><strong>C\u01a1 s\u1edf 2<\/strong>: S\u1ed1 82, Nguy\u1ec5n Ho\u00e0ng, Ph\u01b0\u1eddng M\u1ef9 \u0110\u00ecnh 2, Q. Nam T\u1eeb Li\u00eam, H\u00e0 N\u1ed9i<\/p><\/div><\/div>\n\n\n\n<div class=\"wp-block-uagb-info-box uagb-block-f2bde35f uagb-infobox__content-wrap  uagb-infobox-icon-left uagb-infobox-left uagb-infobox-image-valign-top\"><div class=\"uagb-ifb-icon-wrap\"><svg xmlns=\"https:\/\/www.w3.org\/2000\/svg\" viewBox=\"0 0 512 512\"><path d=\"M464 64C490.5 64 512 85.49 512 112C512 127.1 504.9 141.3 492.8 150.4L275.2 313.6C263.8 322.1 248.2 322.1 236.8 313.6L19.2 150.4C7.113 141.3 0 127.1 0 112C0 85.49 21.49 64 48 64H464zM217.6 339.2C240.4 356.3 271.6 356.3 294.4 339.2L512 176V384C512 419.3 483.3 448 448 448H64C28.65 448 0 419.3 0 384V176L217.6 339.2z\"><\/path><\/svg><\/div><div class=\"uagb-ifb-content\"><div class=\"uagb-ifb-title-wrap\"><h4 class=\"uagb-ifb-title\">Email<\/h4><\/div><p class=\"uagb-ifb-desc\">sinhviet.intelligence.info@gmail.com<\/p><\/div><\/div>\n<\/div>\n\n\n\n<div class=\"wp-block-uagb-info-box uagb-block-976ae31e uagb-infobox__content-wrap  uagb-infobox-icon-left uagb-infobox-left uagb-infobox-image-valign-top\"><div class=\"uagb-ifb-icon-wrap\"><svg xmlns=\"https:\/\/www.w3.org\/2000\/svg\" viewBox=\"0 0 512 512\"><path d=\"M18.92 351.2l108.5-46.52c12.78-5.531 27.77-1.801 36.45 8.98l44.09 53.82c69.25-34 125.5-90.31 159.5-159.5l-53.81-44.04c-10.75-8.781-14.41-23.69-8.974-36.47l46.51-108.5c6.094-13.91 21.1-21.52 35.79-18.11l100.8 23.25c14.25 3.25 24.22 15.8 24.22 30.46c0 252.3-205.2 457.5-457.5 457.5c-14.67 0-27.18-9.968-30.45-24.22l-23.25-100.8C-2.571 372.4 5.018 357.2 18.92 351.2z\"><\/path><\/svg><\/div><div class=\"uagb-ifb-content\"><div class=\"uagb-ifb-title-wrap\"><h4 class=\"uagb-ifb-title\">S\u1ed1 \u0111i\u1ec7n tho\u1ea1i<\/h4><\/div><p class=\"uagb-ifb-desc\">(+84) 93-456-4786<\/p><div class=\"uagb-ifb-separator\"><\/div><\/div><\/div>\n<\/div>\n\n\n\n<div class=\"wp-block-uagb-container uagb-block-4ba03455\">\n<div class=\"wp-block-uagb-advanced-heading uagb-block-a79977ee\"><h3 class=\"uagb-heading-text\">V\u1ecb tr\u00ed<\/h3><\/div>\n\n\n\t\t\t<div \n\t\t\tclass=\"wp-block-uagb-google-map uagb-google-map__wrap uagb-block-b3c85a04     \"\n\t\t\tstyle=\"\" >\n\t\t\t\t<iframe\n\t\t\t\t\tclass=\"uagb-google-map__iframe\"\n\t\t\t\t\ttitle=\"Google Map for \"\n\t\t\t\t\tsrc=\"https:\/\/maps.google.com\/maps?q=S%E1%BB%91%2026%2C%20ng%C3%B5%2097%2C%20Ph%E1%BB%91%20Quan%20Hoa%2C%20P.%20Quan%20Hoa%2C%20Q.%20C%E1%BA%A7u%20Gi%E1%BA%A5y%2C%20H%C3%A0%20N%E1%BB%99i&#038;z=12&#038;hl=vi&#038;t=m&#038;output=embed&#038;iwloc=near\"\n\t\t\t\t\twidth=\"640\"\n\t\t\t\t\theight=\"300\"\n\t\t\t\t\tloading=\"lazy\"\n\t\t\t\t><\/iframe>\n\t\t\t<\/div>\n\t\t\t\n\n\n<div class=\"wp-block-uagb-buttons uagb-buttons__outer-wrap uagb-btn__default-btn uagb-btn-tablet__default-btn uagb-btn-mobile__default-btn uagb-block-e05e548a\"><div class=\"uagb-buttons__wrap uagb-buttons-layout-wrap\">\n<div class=\"wp-block-uagb-buttons-child uagb-buttons__outer-wrap uagb-block-a679259b wp-block-button\"><div class=\"uagb-button__wrapper\"><a class=\"uagb-buttons-repeater wp-block-button__link\" href=\"https:\/\/www.google.com\/maps\/d\/embed?mid=1GDTWg6dkjk8mmAancTcz-n2P185ueiw&amp;hl=en&amp;ehbc=2E312F\" onclick=\"return true;\" rel=\"follow noopener\" target=\"_self\"><span class=\"uagb-button__icon uagb-button__icon-position-before\"><svg xmlns=\"https:\/\/www.w3.org\/2000\/svg\" viewBox=\"0 0 448 512\"><path d=\"M285.6 444.1C279.8 458.3 264.8 466.3 249.8 463.4C234.8 460.4 223.1 447.3 223.1 432V256H47.1C32.71 256 19.55 245.2 16.6 230.2C13.65 215.2 21.73 200.2 35.88 194.4L387.9 50.38C399.8 45.5 413.5 48.26 422.6 57.37C431.7 66.49 434.5 80.19 429.6 92.12L285.6 444.1z\"><\/path><\/svg><\/span><div class=\"uagb-button__link\">Open Map Navigation<\/div><\/a><\/div><\/div>\n<\/div><\/div>\n<\/div>\n<\/div><\/div>\n\n\n\n<div class=\"wp-block-uagb-container uagb-block-73021492 alignfull uagb-is-root-container\"><div class=\"uagb-container-inner-blocks-wrap\">\n<div class=\"wp-block-uagb-advanced-heading uagb-block-cc48e8f7\"><h3 class=\"uagb-heading-text\">Li\u00ean l\u1ea1c<\/h3><\/div>\n\n\n\n<div class=\"wp-block-uagb-forms uagb-forms__outer-wrap uagb-block-ae2e502c uagb-forms__medium-btn\"><form class=\"uagb-forms-main-form\" method=\"post\" autocomplete=\"on\" name=\"uagb-form-ae2e502c\">\n\n<div class=\"wp-block-uagb-forms-name uagb-forms-name-wrap uagb-forms-field-set uagb-block-a2d4e99b\"><div class=\"uagb-forms-name-label required uagb-forms-input-label\" id=\"a2d4e99b\"><\/div><input type=\"text\" placeholder=\"H\u1ecd v\u00e0 t\u00ean\" required class=\"uagb-forms-name-input uagb-forms-input\" name=\"a2d4e99b\" autocomplete=\"off\"\/><\/div>\n\n\n<div class=\"wp-block-uagb-forms-email uagb-forms-email-wrap uagb-forms-field-set uagb-block-9e29e794\"><div class=\"uagb-forms-email-label required uagb-forms-input-label\" id=\"9e29e794\"><\/div><input type=\"email\" class=\"uagb-forms-email-input uagb-forms-input\" placeholder=\"\u0110\u1ecba ch\u1ec9 email\" required name=\"9e29e794\" autocomplete=\"email\"\/><\/div>\n\n\n<div class=\"wp-block-uagb-forms-textarea uagb-forms-textarea-wrap uagb-forms-field-set uagb-block-57f52423\"><div class=\"uagb-forms-textarea-label  uagb-forms-input-label\" id=\"57f52423\"><\/div><textarea class=\"uagb-forms-textarea-input uagb-forms-input\" rows=\"4\" placeholder=\"Tin nh\u1eafn\" name=\"57f52423\" autocomplete=\"off\"><\/textarea><\/div>\n\n<div class=\"uagb-forms-form-hidden-data\"><input type=\"hidden\" class=\"uagb_forms_form_label\" value=\"Spectra Form\"\/><input type=\"hidden\" class=\"uagb_forms_form_id\" value=\"uagb-form-ae2e502c\"\/><\/div><div class=\"uagb-form-reacaptcha-error-ae2e502c\"><\/div><div class=\"uagb-forms-main-submit-button-wrap wp-block-button\"><button class=\"uagb-forms-main-submit-button wp-block-button__link\"><div class=\"uagb-forms-main-submit-button-text\">Send message<\/div><\/button><\/div><\/form><div class=\"uagb-forms-success-message-ae2e502c uagb-forms-submit-message-hide\"><span>Tin nh\u1eafn \u0111\u00e3 \u0111\u01b0\u1ee3c g\u1eedi \u0111i th\u00e0nh c\u00f4ng!<\/span><\/div><div class=\"uagb-forms-failed-message-ae2e502c uagb-forms-submit-message-hide\"><span>There has been some error while submitting the form. Please verify all form fields again.<\/span><\/div><\/div>\n<\/div><\/div>\n","protected":false},"excerpt":{"rendered":"<p>Th\u00f4ng tin li\u00ean l\u1ea1c V\u1ecb tr\u00ed Li\u00ean l\u1ea1c<\/p>\n","protected":false},"author":2,"featured_media":0,"parent":0,"menu_order":0,"comment_status":"closed","ping_status":"closed","template":"","meta":{"_uag_custom_page_level_css":"","site-sidebar-layout":"no-sidebar","site-content-layout":"","ast-site-content-layout":"normal-width-container","site-content-style":"default","site-sidebar-style":"default","ast-global-header-display":"","ast-banner-title-visibility":"","ast-main-header-display":"","ast-hfb-above-header-display":"","ast-hfb-below-header-display":"","ast-hfb-mobile-header-display":"","site-post-title":"","ast-breadcrumbs-content":"","ast-featured-img":"","footer-sml-layout":"","theme-transparent-header-meta":"","adv-header-id-meta":"","stick-header-meta":"","header-above-stick-meta":"","header-main-stick-meta":"","header-below-stick-meta":"","astra-migrate-meta-layouts":"set","footnotes":""},"class_list":["post-2034","page","type-page","status-publish","hentry"],"jetpack_sharing_enabled":true,"uagb_featured_image_src":{"full":false,"thumbnail":false,"medium":false,"medium_large":false,"large":false,"1536x1536":false,"2048x2048":false,"mailpoet_newsletter_max":false,"woocommerce_thumbnail":false,"woocommerce_single":false,"woocommerce_gallery_thumbnail":false},"uagb_author_info":{"display_name":"Nghia Le","author_link":"https:\/\/sinhviet.vn\/index.php\/author\/nghialm2\/"},"uagb_comment_info":0,"uagb_excerpt":"Th\u00f4ng tin li\u00ean l\u1ea1c V\u1ecb tr\u00ed Li\u00ean l\u1ea1c","jetpack-related-posts":[{"id":1616,"url":"https:\/\/sinhviet.vn\/index.php\/dich-vu-dich-thuat\/","url_meta":{"origin":2034,"position":0},"title":"D\u1ecbch v\u1ee5 d\u1ecbch thu\u1eadt","author":"Nghia Le","date":"April 17, 2023","format":false,"excerpt":"Best advice, just when you need it! He is a magician! Harvey Potter, JP Tech Inc Contact Me D\u1ecbch v\u1ee5 \u0110\u1ed9i ng\u0169 bi\u00ean phi\u00ean d\u1ecbch, hi\u1ec7u \u0111\u00ednh trong v\u00e0 ngo\u00e0i n\u01b0\u1edbc gi\u00e0u kinh ki\u1ec7m; Ho\u00e0n th\u00e0nh d\u1ef1 \u00e1n d\u1ecbch trong th\u1eddi gian y\u00eau c\u1ea7u; Kh\u1ea3 n\u0103ng qu\u1ea3n l\u00fd \u0111a d\u1ef1\u2026","rel":"","context":"Similar post","block_context":{"text":"Similar post","link":""},"img":{"alt_text":"","src":"https:\/\/i0.wp.com\/sinhviet.vn\/wp-content\/uploads\/2023\/04\/dich-vu-dich-thuat-moi-nhat-edited.jpg?resize=350%2C200&ssl=1","width":350,"height":200,"srcset":"https:\/\/i0.wp.com\/sinhviet.vn\/wp-content\/uploads\/2023\/04\/dich-vu-dich-thuat-moi-nhat-edited.jpg?resize=350%2C200&ssl=1 1x, https:\/\/i0.wp.com\/sinhviet.vn\/wp-content\/uploads\/2023\/04\/dich-vu-dich-thuat-moi-nhat-edited.jpg?resize=525%2C300&ssl=1 1.5x"},"classes":[]},{"id":991,"url":"https:\/\/sinhviet.vn\/index.php\/tuvan-quanly-kinhdoanh-2\/","url_meta":{"origin":2034,"position":1},"title":"D\u1ecbch v\u1ee5 T\u01b0 v\u1ea5n Qu\u1ea3n l\u00fd v\u00e0 Kinh doanh","author":"Nghia Le","date":"April 11, 2023","format":false,"excerpt":"C\u00e1c ho\u1ea1t \u0111\u1ed9ng d\u1ecbch v\u1ee5 t\u01b0 v\u1ea5n qu\u1ea3n l\u00fd, kinh doanh: Ph\u00e2n t\u00edch m\u00f4 h\u00ecnh qu\u1ea3n l\u00fd th\u1ef1c t\u1ea1i c\u1ee7a doanh nghi\u1ec7p \u0111\u1ec3 l\u1ef1a ch\u1ecdn m\u00f4 h\u00ecnh t\u1ed5 ch\u1ee9c, qu\u1ea3n tr\u1ecb kinh doanh ph\u00f9 h\u1ee3p nh\u1ea5t v\u1edbi \u0111\u1eb7c \u0111i\u1ec3m, quy m\u00f4 doanh nghi\u1ec7p T\u01b0 v\u1ea5n, h\u1ed7 tr\u1ee3 doanh nghi\u1ec7p l\u1eadp\u2026","rel":"","context":"Similar post","block_context":{"text":"Similar post","link":""},"img":{"alt_text":"","src":"https:\/\/i0.wp.com\/sinhviet.vn\/wp-content\/uploads\/2023\/04\/tu-van.jpg?resize=350%2C200&ssl=1","width":350,"height":200,"srcset":"https:\/\/i0.wp.com\/sinhviet.vn\/wp-content\/uploads\/2023\/04\/tu-van.jpg?resize=350%2C200&ssl=1 1x, https:\/\/i0.wp.com\/sinhviet.vn\/wp-content\/uploads\/2023\/04\/tu-van.jpg?resize=525%2C300&ssl=1 1.5x, https:\/\/i0.wp.com\/sinhviet.vn\/wp-content\/uploads\/2023\/04\/tu-van.jpg?resize=700%2C400&ssl=1 2x, https:\/\/i0.wp.com\/sinhviet.vn\/wp-content\/uploads\/2023\/04\/tu-van.jpg?resize=1050%2C600&ssl=1 3x, https:\/\/i0.wp.com\/sinhviet.vn\/wp-content\/uploads\/2023\/04\/tu-van.jpg?resize=1400%2C800&ssl=1 4x"},"classes":[]},{"id":2180,"url":"https:\/\/sinhviet.vn\/index.php\/gioi-thieu-2\/","url_meta":{"origin":2034,"position":2},"title":"Gi\u1edbi thi\u1ec7u","author":"Nghia Le","date":"October 7, 2023","format":false,"excerpt":"V\u1ec1 ch\u00fang t\u00f4i To\u00e0n c\u1ea7u h\u00f3a v\u00e0 qu\u1ed1c t\u1ebf h\u00f3a c\u00e1c n\u1ec1n kinh t\u1ebf \u0111ang mang l\u1ea1i cho m\u1ed7i qu\u1ed1c gia, m\u1ed7i doanh nghi\u1ec7p nh\u1eefng c\u01a1 h\u1ed9i v\u00e0 th\u00e1ch th\u1ee9c \u0111\u1ed1i v\u1edbi c\u00e1c m\u1ee5c ti\u00eau ph\u00e1t tri\u1ec3n b\u1ec1n v\u1eefng c\u1ee7a m\u00ecnh. \u0110\u1ed1i v\u1edbi c\u00f4ng ty Sinh Vi\u1ec7t ch\u00fang t\u00f4i, m\u1ed9t\u2026","rel":"","context":"Similar post","block_context":{"text":"Similar post","link":""},"img":{"alt_text":"","src":"https:\/\/i0.wp.com\/sinhviet.vn\/wp-content\/uploads\/2023\/10\/svi_sdtc.png?resize=350%2C200&ssl=1","width":350,"height":200,"srcset":"https:\/\/i0.wp.com\/sinhviet.vn\/wp-content\/uploads\/2023\/10\/svi_sdtc.png?resize=350%2C200&ssl=1 1x, https:\/\/i0.wp.com\/sinhviet.vn\/wp-content\/uploads\/2023\/10\/svi_sdtc.png?resize=525%2C300&ssl=1 1.5x, https:\/\/i0.wp.com\/sinhviet.vn\/wp-content\/uploads\/2023\/10\/svi_sdtc.png?resize=700%2C400&ssl=1 2x, https:\/\/i0.wp.com\/sinhviet.vn\/wp-content\/uploads\/2023\/10\/svi_sdtc.png?resize=1050%2C600&ssl=1 3x"},"classes":[]},{"id":1882,"url":"https:\/\/sinhviet.vn\/index.php\/ho-tro-va-ket-noi-giao-duc\/","url_meta":{"origin":2034,"position":3},"title":"H\u1ed7 tr\u1ee3 v\u00e0 k\u1ebft n\u1ed1i gi\u00e1o d\u1ee5c","author":"Nghia Le","date":"April 21, 2023","format":false,"excerpt":"Lu\u00f4n \u0111\u1ed3ng h\u00e0nh c\u00f9ng b\u1ea1n tr\u00ean con \u0111\u01b0\u1eddng h\u1ecdc t\u1eadp, ph\u00e1t tri\u1ec3n b\u1ea3n th\u00e2n! T\u01b0 v\u1ea5n gi\u00e1o d\u1ee5c B\u1ea1n c\u1ea7n t\u01b0 v\u1ea5n v\u1ec1 ng\u00e0nh h\u1ecdc, c\u00e1c ch\u01b0\u01a1ng tr\u00ecnh trao \u0111\u1ed5i cho con em? Ch\u00fang t\u00f4i t\u01b0 v\u1ea5n v\u1ec1 c\u00e1c ng\u00e0nh h\u1ecdc v\u00e0 xu h\u01b0\u1edbng t\u01b0\u01a1ng lai d\u1ef1a tr\u00ean h\u1ed3 s\u01a1\u2026","rel":"","context":"Similar post","block_context":{"text":"Similar post","link":""},"img":{"alt_text":"","src":"https:\/\/i0.wp.com\/sinhviet.vn\/wp-content\/uploads\/2023\/04\/dich-vu-5.jpg?resize=350%2C200&ssl=1","width":350,"height":200,"srcset":"https:\/\/i0.wp.com\/sinhviet.vn\/wp-content\/uploads\/2023\/04\/dich-vu-5.jpg?resize=350%2C200&ssl=1 1x, https:\/\/i0.wp.com\/sinhviet.vn\/wp-content\/uploads\/2023\/04\/dich-vu-5.jpg?resize=525%2C300&ssl=1 1.5x, https:\/\/i0.wp.com\/sinhviet.vn\/wp-content\/uploads\/2023\/04\/dich-vu-5.jpg?resize=700%2C400&ssl=1 2x, https:\/\/i0.wp.com\/sinhviet.vn\/wp-content\/uploads\/2023\/04\/dich-vu-5.jpg?resize=1050%2C600&ssl=1 3x, https:\/\/i0.wp.com\/sinhviet.vn\/wp-content\/uploads\/2023\/04\/dich-vu-5.jpg?resize=1400%2C800&ssl=1 4x"},"classes":[]},{"id":1062,"url":"https:\/\/sinhviet.vn\/index.php\/dao-tao\/","url_meta":{"origin":2034,"position":4},"title":"\u0110\u00e0o t\u1ea1o","author":"Nghia Le","date":"April 12, 2023","format":false,"excerpt":"Kh\u00f4ng ng\u1eebng n\u00e2ng cao n\u0103ng l\u1ef1c l\u00e3nh \u0111\u1ea1o v\u00e0 t\u1ed5 ch\u1ee9c nh\u00e2n s\u1ef1 c\u00f9ng c\u00e1c chuy\u00ean gia T\u00ednh t\u01b0\u01a1ng t\u00e1c cao gi\u1eefa chuy\u00ean gia v\u00e0 h\u1ecdc vi\u00ean C\u00e1c v\u1ea5n \u0111\u1ec1 s\u00e1t th\u1ef1c ti\u1ec5n T\u00e0i li\u1ec7u \u0111\u01b0\u1ee3c so\u1ea1n ri\u00eang cho nh\u00f3m \u0111\u1ed1i t\u01b0\u1ee3ng h\u1ecdc vi\u00ean C\u00e1c ch\u01b0\u01a1ng tr\u00ecnh \u0111\u00e0o t\u1ea1o chuy\u00ean\u2026","rel":"","context":"Similar post","block_context":{"text":"Similar post","link":""},"img":{"alt_text":"","src":"https:\/\/i0.wp.com\/sinhviet.vn\/wp-content\/uploads\/2023\/10\/Exe_MiniMBA_logo.png?resize=350%2C200&ssl=1","width":350,"height":200,"srcset":"https:\/\/i0.wp.com\/sinhviet.vn\/wp-content\/uploads\/2023\/10\/Exe_MiniMBA_logo.png?resize=350%2C200&ssl=1 1x, https:\/\/i0.wp.com\/sinhviet.vn\/wp-content\/uploads\/2023\/10\/Exe_MiniMBA_logo.png?resize=525%2C300&ssl=1 1.5x, https:\/\/i0.wp.com\/sinhviet.vn\/wp-content\/uploads\/2023\/10\/Exe_MiniMBA_logo.png?resize=700%2C400&ssl=1 2x, https:\/\/i0.wp.com\/sinhviet.vn\/wp-content\/uploads\/2023\/10\/Exe_MiniMBA_logo.png?resize=1050%2C600&ssl=1 3x"},"classes":[]},{"id":1758,"url":"https:\/\/sinhviet.vn\/index.php\/dau-tu-xuc-tien-thuong-mai-va-kinh-doanh\/","url_meta":{"origin":2034,"position":5},"title":"\u0110\u1ea7u t\u01b0, x\u00fac ti\u1ebfn th\u01b0\u01a1ng m\u1ea1i v\u00e0 kinh doanh","author":"Nghia Le","date":"April 20, 2023","format":false,"excerpt":"Th\u00fac \u0111\u1ea9y c\u00e1c c\u01a1 h\u1ed9i \u0111\u1ea7u t\u01b0, kinh doanh m\u1edbi Creative &InnovativeIdeas Etiam pharetra, erat sed fermentum feugiat, velit mauris egestas JAMES OLIVER 01 C\u00e1c d\u1ecbch v\u1ee5 Nghi\u00ean c\u1ee9u th\u1ecb tr\u01b0\u1eddng C\u00f4ng ty c\u1ee7a b\u1ea1n \u0111ang mu\u1ed1n th\u00fac \u0111\u1ea9y ph\u00e1t tri\u1ec3n th\u1ecb tr\u01b0\u1eddng ti\u1ec1m n\u0103ng? Nghi\u00ean c\u1ee9u, kh\u1ea3o s\u00e1t th\u1ecb\u2026","rel":"","context":"Similar post","block_context":{"text":"Similar post","link":""},"img":{"alt_text":"","src":"https:\/\/i0.wp.com\/sinhviet.vn\/wp-content\/uploads\/2023\/04\/dich-vu-6-edited.png?resize=350%2C200&ssl=1","width":350,"height":200,"srcset":"https:\/\/i0.wp.com\/sinhviet.vn\/wp-content\/uploads\/2023\/04\/dich-vu-6-edited.png?resize=350%2C200&ssl=1 1x, https:\/\/i0.wp.com\/sinhviet.vn\/wp-content\/uploads\/2023\/04\/dich-vu-6-edited.png?resize=525%2C300&ssl=1 1.5x"},"classes":[]}],"_links":{"self":[{"href":"https:\/\/sinhviet.vn\/index.php\/wp-json\/wp\/v2\/pages\/2034","targetHints":{"allow":["GET"]}}],"collection":[{"href":"https:\/\/sinhviet.vn\/index.php\/wp-json\/wp\/v2\/pages"}],"about":[{"href":"https:\/\/sinhviet.vn\/index.php\/wp-json\/wp\/v2\/types\/page"}],"author":[{"embeddable":true,"href":"https:\/\/sinhviet.vn\/index.php\/wp-json\/wp\/v2\/users\/2"}],"replies":[{"embeddable":true,"href":"https:\/\/sinhviet.vn\/index.php\/wp-json\/wp\/v2\/comments?post=2034"}],"version-history":[{"count":9,"href":"https:\/\/sinhviet.vn\/index.php\/wp-json\/wp\/v2\/pages\/2034\/revisions"}],"predecessor-version":[{"id":2615,"href":"https:\/\/sinhviet.vn\/index.php\/wp-json\/wp\/v2\/pages\/2034\/revisions\/2615"}],"wp:attachment":[{"href":"https:\/\/sinhviet.vn\/index.php\/wp-json\/wp\/v2\/media?parent=2034"}],"curies":[{"name":"wp","href":"https:\/\/api.w.org\/{rel}","templated":true}]}}